n base 10, what is -836 + -6?
-842
In base 13, what is -2 + -64?
-66
In base 14, what is -6 - 6?
-c
In base 6, what is -4 - -104?
100
In base 14, what is cc3 - 0?
cc3
In base 5, what is -1221 + 2?
-1214
In base 15, what is 10 + 1ce?
1de
In base 2, what is -1110 + 100010?
10100
In base 15, what is 3 - 1bc?
-1b9
In base 16, what is -57 - -1?
-56
In base 9, what is 1 + 8654?
8655
In base 13, what is 3 + 21c?
222
In base 8, what is -5 + 170?
163
In base 15, what is 588 - 1?
587
In base 16, what is 3 + 13a?
13d
In base 8, what is 5 + 5310?
5315
In base 6, what is -5 - -1234?
1225
In base 12, what is -2 - 43?
-45
In base 9, what is -10 - 16?
-26
In base 8, what is 7 + -3?
4
In base 13, what is -4 - 558?
-55c
In base 15, what is -24 + 3c6?
3a2
In base 3, what is -12010 - -11?
-11222
In base 8, what is -35 + -7?
-44
In base 12, what is 88 - -4?
90
In base 7, what is -5 - 16?
-24
In base 8, what is 156 - -3?
161
In base 11, what is -5 - 48?
-52
In base 8, what is 4 + 10300?
10304
In base 6, what is 11114 - 5?
11105
In base 4, what is -103 + -11313?
-12022
In base 7, what is -250 + -3?
-253
In base 14, what is 3 - 857?
-854
In base 12, what is 0 - -60?
60
In base 14, what is 6 - -306?
30c
In base 14, what is cb - -5?
d2
In base 4, what is 21 + 112201?
112222
In base 13, what is -4 - 17?
-1b
In base 11, what is 7 - -a?
16
In base 7, what is -4 - 443?
-450
In base 15, what is -b372 + -3?
-b375
In base 8, what is -4 + -1632?
-1636
In base 7, what is 10 - -1300?
1310
In base 9, what is -3120 + 3?
-3116
In base 15, what is -51 + 46?
-a
In base 15, what is -1 - 1d0?
-1d1
In base 13, what is -1c - 7?
-26
In base 13, what is b7 + 26?
110
In base 3, what is -20202 + 2?
-20200
In base 5, what is -24 - -24?
0
In base 10, what is -1343 - -3?
-1340
In base 14, what is -3 + -1?
-4
In base 14, what is -1 - -241?
240
In base 6, what is 1202 - -3?
1205
In base 7, what is 130 + 1?
131
In base 15, what is 4 - -a7?
ab
In base 13, what is 6c2 - -3?
6c5
In base 10, what is -5 - -169?
164
In base 5, what is -10222 + -10?
-10232
In base 15, what is 56 - -8?
5e
In base 16, what is -20 - a?
-2a
In base 12, what is 5 + 6b?
74
In base 16, what is -a - -215?
20b
In base 15, what is 9d - 2a?
73
In base 2, what is 1011 - 11111010010?
-11111000111
In base 4, what is -22 - -3?
-13
In base 9, what is -1701 - 2?
-1703
In base 13, what is -454 + 1?
-453
In base 2, what is -111000011 + 101?
-110111110
In base 4, what is -11 + 22011?
22000
In base 2, what is 100101001111001 + 100?
100101001111101
In base 11, what is 48 - -4?
51
In base 10, what is -154 + 31?
-123
In base 13, what is 15a + 1?
15b
In base 11, what is 3126 - -2?
3128
In base 15, what is 1447 + 5?
144c
In base 11, what is 4 + 1257?
1260
In base 8, what is -3 - 66?
-71
In base 2, what is 110 - -100010100?
100011010
In base 8, what is 0 + -212?
-212
In base 4, what is -1022 + 2?
-1020
In base 3, what is 11 - 110021?
-110010
In base 14, what is -a + -c34?
-c40
In base 13, what is 2 - -587?
589
In base 7, what is -6631 - 4?
-6635
In base 4, what is -10 + 2110?
2100
In base 16, what is -5b - -6?
-55
In base 11, what is -1 - 1?
-2
In base 6, what is -15 - 4520?
-4535
In base 13, what is -4 - 107a?
-1081
In base 5, what is 10 + -130024?
-130014
In base 11, what is -801 - 3?
-804
In base 9, what is -4 - -17?
13
In base 4, what is 22 + -113?
-31
In base 12, what is -1 + -1368?
-1369
In base 7, what is 2043 + -6?
2034
In base 9, what is -6 - 10?
-16
In base 4, what is -10 + 112121?
112111
In base 9, what is 36 + -5?
31
In base 6, what is 20 - 32?
-12
In base 16, what is 19 - -32?
4b
In base 2, what is 1000010 + -11?
111111
In base 8, what is 6 + -51?
-43
In base 5, what is 223 + -133?
40
In base 11, what is 1 + -868?
-867
In base 16, what is 80 - 3?
7d
In base 8, what is -2 + -434?
-436
In base 14, what is 254 - 3?
251
In base 3, what is 12 - -1120?
1202
In base 10, what is -4 - 3435?
-3439
In base 2, what is 11 - -11011?
11110
In base 16, what is -2 - -c5?
c3
In base 2, what is -100 + 101010?
100110
In base 10, what is 5 - 38?
-33
In base 5, what is -240003 + 1?
-240002
In base 3, what is 11 + 1202111?
1202122
In base 14, what is -4 + 3c?
38
In base 16, what is -6 + 0?
-6
In base 11, what is -4 + a80?
a77
In base 11, what is 164 - 17?
148
In base 8, what is 160 + -3?
155
In base 3, what is 10 + -112?
-102
In base 8, what is -4 + 157?
153
In base 16, what is 5 + -190?
-18b
In base 11, what is -a + -15?
-24
In base 10, what is 880 - -2?
882
In base 12, what is -186 - 90?
-256
In base 13, what is -1c + -453?
-472
In base 12, what is 11 + 2?
13
In base 5, what is 2223 - -231?
3004
In base 9, what is -7 - 18?
-26
In base 10, what is -2 - -168?
166
In base 6, what is 53 + -341?
-244
In base 8, what is 22 + -5?
15
In base 6, what is -5350 - 3?
-5353
In base 7, what is -130 + -10?
-140
In base 16, what is 7 + -18?
-11
In base 15, what is -137 - 2?
-139
In base 11, what is 55 - -9?
63
In base 14, what is -1362 + -4?
-1366
In base 12, what is 3 - 6b9?
-6b6
In base 15, what is -80 - 5?
-85
In base 3, what is 20021202 + 11?
20021220
In base 14, what is -1 - 677?
-678
In base 13, what is -5 - -bc?
b7
In base 12, what is -1b4b - 5?
-1b54
In base 3, what is -101220 + 10?
-101210
In base 3, what is 2111022 - 10?
2111012
In base 10, what is -41 + 27?
-14
In base 15, what is 84e - 0?
84e
In base 12, what is 383a + -5?
3835
In base 16, what is 0 + 28?
28
In base 3, what is -1201 + -11?
-1212
In base 16, what is -35 + -4?
-39
In base 9, what is -3556 + 5?
-3551
In base 12, what is a685 - -5?
a68a
In base 15, what is -2 - -b9?
b7
In base 14, what is 1a0 + -5?
199
In base 11, what is -2 + 570?
569
In base 8, what is 473 - 7?
464
In base 7, what is 205 - 23?
152
In base 8, what is -55 - -1?
-54
In base 16, what is 46a4 - -4?
46a8
In base 3, what is -122210201 - 11?
-122210212
In base 10, what is 13 + -4?
9
In base 6, what is 11352 + 4?
11400
In base 4, what is -2 + -1103212?
-1103220
In base 3, what is -2022 + 11?
-2011
In base 10, what is 2012 - 1?
2011
In base 9, what is -2 - -220?
217
In base 5, what is -3 + -22?
-30
In base 2, what is -1011001010111 + 0?
-1011001010111
In base 8, what is 4 + 3604?
3610
In base 3, what is 10 + 21120?
21200
In base 5, what is 1 - -404?
410
In base 4, what is -31 + -12?
-103
In base 16, what is 4 - 45?
-41
In base 13, what is 0 - -41?
41
In base 5, what is 4 - 4?
0
In base 11, what is 2a + 5?
34
In base 16, what is 170 + -1?
16f
In base 2, what is 101 - 10100010?
-10011101
In base 10, what is 21 + 16?
37
In base 11, what is 1 + 32?
33
In base 6, what is -4 - 145?
-153
In base 4, what is 1010322 - 11?
1010311
In base 10, what is -29 - 1?
-30
In base 9, what is -562 + -6?
-568
In base 14, what is -1c0 + -5?
-1c5
In base 3, what is -102112 + -2?
-102121
In base 6, what is -45 - -10?
-35
In base 6, what is -55 + 4?
-51
In base 11, what is 2 + 13?
15
In base 5, what is -3 - 41?
-44
In base 8, what is -6 - -3151?
3143
In base 7, what is 35 + 10?
45
In base 11, what is 1 - -417?
418
In base 10, what is -42 + 250?
208
In base 2, what is -11 - -1010010001?
1010001110
In base 13, what is 5b17 + 2?
5b19
In base 9, what is -3 - -123?
120
In base 2, what is -10 - 110001000001?
-110001000011
In base 4, what is 2321 + -2?
2313
In base 8, what is 604 + 71?
675
In base 15, what is -5d + 11?
-4c
In base 9, what is -5 - -6827?
6822
In base 3, what is 2 - 2012200?
-2012121
In base 5, what is 100022 + 0?
100022
In base 15, what is 4 - -129?
12d
In base 2, what is -10001110 + -10?
-10010000
In base 15, what is -3 - -13?
10
In base 15, what is -1d4c - -1?
-1d4b
In base 16, what is 1 + 5ee?
5ef
In base 6, what is -11 - -512?
501
In base 12, what is -b9 - 14?
-111
In base 9, what is 13764 + -3?
13761
In base 10, what is 3 - -67?
70
In base 14, what is 1 + -7b4?
-7b3
In base 11, what is 1 - -7?
8
In base 4, what is 321 + 30?
1011
In base 7, what is 32 + -25?
4
In base 2, what is 10110100010 - -1?
10110100011
In base 3, what is 1111 - 1000?
111
In base 11, what is 4 + -146?
-142
In base 6, what is 1 + 1554?
1555
In base 16, what is 12 - -11?
23
In base 11, what is 9 + 134?
142
In base 7, what is 1 + 34?
35
In base 9, what is 0 - 127?
-127
In base 5, what is 440 + -4?
431
In base 14, what is 4 + 908?
90c
In base 14, what is -1a - d3?
-10d
In base 